ltiple of 78?
False
Is 6147 a multiple of 9?
True
Is 2701 a multiple of 127?
False
Does 6 divide 408?
True
Is 33 a factor of 31514?
False
Does 20 divide 781?
False
Is 716 a multiple of 11?
False
Does 134 divide 13936?
True
Is 4251 a multiple of 10?
False
Is 94 a factor of 6242?
False
Is 47 a factor of 1269?
True
Is 17 a factor of 510?
True
Is 79491 a multiple of 442?
False
Does 39 divide 2301?
True
Is 11 a factor of 1630?
False
Does 30 divide 7522?
False
Does 7 divide 13531?
True
Is 10 a factor of 36396?
False
Is 1818 a multiple of 19?
False
Does 23 divide 352?
False
Does 90 divide 270?
True
Is 134 a multiple of 67?
True
Is 15 a factor of 16616?
False
Is 19 a factor of 16321?
True
Does 2 divide 222?
True
Does 32 divide 511?
False
Is 17100 a multiple of 95?
True
Is 58674 a multiple of 21?
True
Is 14 a factor of 434?
True
Is 4 a factor of 1131?
False
Is 5 a factor of 5484?
False
Is 49400 a multiple of 104?
True
Does 8 divide 108?
False
Is 560 a multiple of 14?
True
Is 13 a factor of 43823?
True
Does 19 divide 10241?
True
Is 8 a factor of 904?
True
Is 12 a factor of 708?
True
Is 28 a factor of 1148?
True
Is 143 a multiple of 3?
False
Does 45 divide 36279?
False
Is 7875 a multiple of 35?
True
Is 19 a factor of 874?
True
Is 4 a factor of 584?
True
Is 13184 a multiple of 8?
True
Is 44308 a multiple of 22?
True
Is 9 a factor of 2430?
True
Is 146401 a multiple of 12?
False
Is 7 a factor of 46641?
True
Is 2550 a multiple of 6?
True
Does 28 divide 6104?
True
Does 21 divide 1209?
False
Does 29 divide 4083?
False
Is 18792 a multiple of 17?
False
Is 9095 a multiple of 21?
False
Does 94 divide 3008?
True
Is 23773 a multiple of 34?
False
Does 23 divide 10557?
True
Is 46 a factor of 276?
True
Does 79 divide 159?
False
Is 13 a factor of 3200?
False
Is 2496 a multiple of 104?
True
Is 124 a factor of 19253?
False
Does 32 divide 4032?
True
Is 3612 a multiple of 84?
True
Is 2807 a multiple of 12?
False
Is 1197 a multiple of 21?
True
Is 23 a factor of 25461?
True
Is 15 a factor of 2940?
True
Does 18 divide 2008?
False
Is 6 a factor of 17402?
False
Is 47 a factor of 3778?
False
Is 4 a factor of 42?
False
Is 3800 a multiple of 40?
True
Is 2592 a multiple of 32?
True
Is 72175 a multiple of 42?
False
Is 484 a multiple of 12?
False
Is 8089 a multiple of 136?
False
Does 74 divide 33775?
False
Is 118 a factor of 13570?
True
Is 4582 a multiple of 7?
False
Does 24 divide 2798?
False
Is 56843 a multiple of 337?
False
Is 19 a factor of 836?
True
Does 25 divide 9479?
False
Is 82 a factor of 1054?
False
Does 66 divide 36039?
False
Is 15343 a multiple of 229?
True
Does 21 divide 1398?
False
Is 17 a factor of 324?
False
Is 30905 a multiple of 105?
False
Is 2824 a multiple of 29?
False
Is 14805 a multiple of 21?
True
Does 5 divide 825?
True
Is 1287 a multiple of 99?
True
Is 8984 a multiple of 156?
False
Is 24 a factor of 41424?
True
Is 33 a factor of 6930?
True
Is 5840 a multiple of 16?
True
Does 75 divide 1495?
False
Does 22 divide 3093?
False
Does 19 divide 29849?
True
Is 8946 a multiple of 18?
True
Is 150 a factor of 85800?
True
Is 13 a factor of 857?
False
Is 12 a factor of 732?
True
Is 675 a multiple of 37?
False
Is 33 a factor of 8316?
True
Does 16 divide 2992?
True
Is 38 a factor of 46761?
False
Does 5 divide 197?
False
Is 87095 a multiple of 112?
False
Is 65 a factor of 84971?
False
Does 20 divide 11120?
True
Is 80 a factor of 910?
False
Does 26 divide 21622?
False
Is 20 a factor of 620?
True
Does 189 divide 40383?
False
Is 162 a multiple of 13?
False
Does 159 divide 28779?
True
Is 250 a multiple of 125?
True
Does 127 divide 8509?
True
Does 264 divide 1080?
False
Is 14 a factor of 2869?
False
Is 20075 a multiple of 5?
True
Is 8732 a multiple of 236?
True
Is 39503 a multiple of 11?
False
Does 11 divide 231?
True
Is 60 a factor of 7440?
True
Is 17325 a multiple of 25?
True
Is 9639 a multiple of 51?
True
Is 2061 a multiple of 20?
False
Is 14 a factor of 350?
True
Is 127 a factor of 1107?
False
Is 37 a factor of 703?
True
Is 5925 a multiple of 5?
True
Is 3821 a multiple of 10?
False
Does 6 divide 3174?
True
Is 100 a factor of 5500?
True
Is 5 a factor of 26075?
True
Is 571 a multiple of 28?
False
Is 22 a factor of 3036?
True
Is 3 a factor of 102?
True
Does 178 divide 3916?
True
Does 13 divide 715?
True
Does 15 divide 285?
True
Does 14 divide 9660?
True
Does 2 divide 698?
True
Is 16 a factor of 160?
True
Is 109 a multiple of 2?
False
Does 37 divide 25100?
False
Is 4 a factor of 128?
True
Is 8 a factor of 1656?
True
Does 40 divide 4876?
False
Does 28 divide 1341?
False
Is 923 a multiple of 13?
True
Is 1188 a multiple of 66?
True
Is 808 a multiple of 101?
True
Is 1096 a multiple of 4?
True
Is 63 a factor of 99?
False
Does 7 divide 2409?
False
Is 84250 a multiple of 337?
True
Is 131 a factor of 5853?
False
Is 17 a factor of 21332?
False
Is 132 a factor of 9010?
False
Is 7284 a multiple of 101?
False
Is 135 a multiple of 4?
False
Is 1440 a multiple of 32?
True
Is 10039 a multiple of 60?
False
Is 24585 a multiple of 149?
True
Is 325 a multiple of 18?
False
Does 33 divide 105171?
True
Does 10 divide 60895?
False
Is 26 a factor of 887?
False
Is 34 a factor of 5440?
True
Is 28 a factor of 32424?
True
Is 36 a factor of 108?
True
Is 37 a factor of 4551?
True
Is 576 a multiple of 18?
True
Does 3 divide 43?
False
Is 1020 a multiple of 60?
True
Does 45 divide 7785?
True
Is 1093 a multiple of 16?
False
Is 26774 a multiple of 22?
True
Is 256 a multiple of 8?
True
Is 11 a factor of 32935?
False
Is 45 a factor of 1914?
False
Is 20 a factor of 1080?
True
Does 27 divide 3105?
True
Is 5 a factor of 941?
False
Does 3 divide 534?
True
Is 37536 a multiple of 69?
True
Is 1914 a multiple of 22?
True
Is 221 a multiple of 13?
True
Does 11 divide 440?
True
Is 702 a multiple of 39?
True
Does 28 divide 21168?
True
Does 3 divide 1612?
False
Is 60 a multiple of 12?
True
Does 21 divide 1515?
False
Is 285 a factor of 33060?
True
Is 3799 a multiple of 131?
True
Is 768 a multiple of 32?
True
Is 137690 a multiple of 98?
True
Is 14184 a multiple of 4?
True
Does 44 divide 15601?
False
Is 17582 a multiple of 99?
False
Is 74 a factor of 6660?
True
Is 36 a factor of 2124?
True
Is 20 a factor of 13000?
True
Does 19 divide 468?
False
Is 13596 a multiple of 33?
True
Does 197 divide 3152?
True
Does 5 divide 32345?
True
Is 107 a multiple of 6?
False
Is 41 a factor of 1271?
True
Is 78030 a multiple of 17?
True
Is 16390 a multiple of 13?
False
Does 4 divide 72?
True
Does 4 divide 412?
True
Is 2160 a multiple of 16?
True
Is 9 a factor of 198?
True
Is 38490 a multiple of 15?
True
Is 2844 a multiple of 13?
False
Does 19 divide 993?
False
Is 54 a factor of 486?
True
Is 7 a factor of 464?
False
Is 46 a factor of 12512?
True
Is 1174 a multiple of 11?
False
Is 106 a multiple of 30?
False
Is 4 a factor of 348?
True
Is 994 a multiple of 14?
True
Is 638 a multiple of 11?
True
Is 213 a multiple of 71?
True
Does 187 divide 3396?
False
Does 55 divide 17558?
False
Does 105 divide 5804?
False
Is 29 a factor of 1941?
False
Does 8 divide 904?
True
Does 17 divide 255?
True
Is 41503 a multiple of 121?
True
Is 92 a factor of 19388?
False
Is 1557 a multiple of 71?
False
Does 22 divide 10538?
True
Does 20 divide 11480?
True
Does 71 divide 24850?
True
Does 3 divide 132?
True
Is 720 a multiple of 58?
False
Is 463 a multiple of 13?
False
Does 9 divide 238?
False
Is 19 a factor of 2052?
True
Is 55 a factor of 8690?
True
Is 55 a factor of 1540?
True
Is 3382 a multiple of 66?
False
Is 26824 a multiple of 28?
True
Does 5 divide 360?
True
Does 210 divide 5690?
False
Does 14 divide 1007?
False
Is 48 a factor of 9408?
True
Is 11 a factor of 26994?
True
Does 51 divide 2301?
False
Does 78 divide 765?
False
Is 643 a multiple of 27?
False
Is 2793 a multiple of 19?
True
Is 7560 a multiple of 135?
True
Does 19 divide 1444?
True
Is 897 a multiple of 3?
True
Is 8 a factor of 10520?
True
Does 9 divide 954?
True
Is 6 a factor of 726?
True
Is 6894 a multiple of 18?
True
Does 19 divide 114?
True
Is 13780 a multiple of 65?
True
Is 5 a factor of 590?
True
Is 1095 a multiple of 44?
False
Is 629 a multiple of 27?
False
Does 23 divide 174?
False
Does 5 divide 8268?
False
Does 26 divide 38792?
True
Does 15 divide 6703?
False
Is 768 a multiple of 24?
True
Is 2439 a multip